{"id":7,"date":"2016-09-07T08:25:40","date_gmt":"2016-09-07T08:25:40","guid":{"rendered":"http:\/\/veni.tkdvl.com\/?page_id=7"},"modified":"2024-11-07T21:26:27","modified_gmt":"2024-11-07T21:26:27","slug":"astrotyp","status":"publish","type":"page","link":"https:\/\/www.laznezenskeduse.cz\/index.php\/astrotyp\/","title":{"rendered":"Astrotypy"},"content":{"rendered":"\n<figure class=\"wp-block-image size-large is-style-default\"><img loading=\"lazy\" decoding=\"async\" width=\"683\" height=\"1024\" src=\"https:\/\/i0.wp.com\/www.laznezenskeduse.cz\/wp-content\/uploads\/2024\/11\/3SV08123.jpg?resize=683%2C1024&#038;ssl=1\" alt=\"\" class=\"wp-image-3903\" srcset=\"https:\/\/i0.wp.com\/www.laznezenskeduse.cz\/wp-content\/uploads\/2024\/11\/3SV08123.jpg?resize=683%2C1024&amp;ssl=1 683w, https:\/\/i0.wp.com\/www.laznezenskeduse.cz\/wp-content\/uploads\/2024\/11\/3SV08123.jpg?resize=200%2C300&amp;ssl=1 200w, https:\/\/i0.wp.com\/www.laznezenskeduse.cz\/wp-content\/uploads\/2024\/11\/3SV08123.jpg?resize=768%2C1152&amp;ssl=1 768w, https:\/\/i0.wp.com\/www.laznezenskeduse.cz\/wp-content\/uploads\/2024\/11\/3SV08123.jpg?resize=800%2C1200&amp;ssl=1 800w, https:\/\/i0.wp.com\/www.laznezenskeduse.cz\/wp-content\/uploads\/2024\/11\/3SV08123.jpg?resize=73%2C110&amp;ssl=1 73w, https:\/\/i0.wp.com\/www.laznezenskeduse.cz\/wp-content\/uploads\/2024\/11\/3SV08123.jpg?resize=147%2C220&amp;ssl=1 147w, https:\/\/i0.wp.com\/www.laznezenskeduse.cz\/wp-content\/uploads\/2024\/11\/3SV08123.jpg?resize=576%2C864&amp;ssl=1 576w, https:\/\/i0.wp.com\/www.laznezenskeduse.cz\/wp-content\/uploads\/2024\/11\/3SV08123.jpg?w=1024&amp;ssl=1 1024w\" sizes=\"(max-width: 683px) 100vw, 683px\" data-recalc-dims=\"1\" \/><\/figure>\n\n\n\n<div style=\"height:15px\" aria-hidden=\"true\" class=\"wp-block-spacer\"><\/div>\n\n\n\n<h6 class=\"wp-block-heading\" style=\"font-size:20px\">S hlubok\u00fdm respektem k&nbsp;rozmanitosti \u017eivota i jedine\u010dnosti ka\u017ed\u00e9ho \u010dlov\u011bka nab\u00edz\u00edm vypracov\u00e1n\u00ed astrotypu nebo korel\u00e1tu podle starod\u00e1vn\u00e9ho \u010d\u00ednsk\u00e9ho u\u010den\u00ed Ham Yu.&nbsp;&nbsp;<\/h6>\n\n\n\n<p>Astrotyp v&nbsp;sob\u011b shrnuje pl\u00e1n Tv\u00e9 \u017eivotn\u00ed cesty, d\u00edky n\u011bmu\u017e m\u016f\u017eeme spole\u010dn\u011b poodhalit tajemstv\u00ed a charakteristiku Tv\u00e9 osobnosti. Pro v\u00fdklad astrotypu je nezbytn\u00e9 zn\u00e1t&nbsp;datum a hodinu narozen\u00ed. P\u0159i osobn\u00edm setk\u00e1n\u00ed se spole\u010dn\u011b pod\u00edv\u00e1me na charakteristiku \u010dty\u0159 zv\u00ed\u0159at \u010d\u00ednsk\u00e9ho zv\u011brokruhu, kter\u00e1 ovliv\u0148uj\u00ed Tv\u00e9 chov\u00e1n\u00ed.&nbsp; Nahl\u00e9dneme tak\u00e9 na pl\u00e1n \u017eivotn\u00ed cesty s&nbsp;pomoc\u00ed hexagram\u016f I \u0165ingu, kter\u00fd n\u00e1m pom\u016f\u017ee odhalit&nbsp;jak\u00e9 energie T\u011b budou v&nbsp;jednotliv\u00fdch \u017eivotn\u00edch obdob\u00edch prov\u00e1zet. V&nbsp;propojen\u00ed se s u\u010den\u00edm Feng Shui a tabulkou BA QUA Ti pomohu zv\u011bdomit, kter\u00e1 \u010d\u00e1st prostoru Tv\u00e9ho domova je pro Tebe nejv\u00edce vy\u017eivuj\u00edc\u00ed a co Ti do \u017eivota p\u0159in\u00e1\u0161\u00ed.&nbsp; A nakonec se nahl\u00e9dnut\u00edm do tabulky potencion\u00e1ln\u00edch zdravotn\u00edch z\u00e1t\u011b\u017e\u00ed jednotliv\u00fdch org\u00e1n\u016f pod\u00edv\u00e1me na to, jak v&nbsp;r\u016fzn\u00fdch etap\u00e1ch \u017eivota podpo\u0159it Tv\u00e9 zdrav\u00ed.&nbsp;<\/p>\n\n\n\n<p>P\u0159i pr\u00e1ci s&nbsp;astrotypem se m\u016f\u017eeme rovn\u011b\u017e zam\u011b\u0159it na vztahov\u00e9 souvzta\u017enosti pomoc\u00ed korel\u00e1t\u016f. Korel\u00e1ty umo\u017e\u0148uj\u00ed porovn\u00e1n\u00ed dvou astrotyp\u016f a zji\u0161t\u011bn\u00ed vz\u00e1jemn\u00fdch vztahov\u00fdch propojen\u00ed ve v\u0161ech oblastech spole\u010dn\u00e9ho \u017eivota (emo\u010dn\u00ed, inteligen\u010dn\u00ed, fyzick\u00e1).<\/p>\n\n\n\n<p>Velmi r\u00e1da Ti pomohu otev\u0159\u00edt tuto truhlici pozn\u00e1n\u00ed, kter\u00e1 p\u0159inese do Tv\u00e9ho \u017eivota p\u0159ijet\u00ed a uv\u011bdom\u011bn\u00ed si originality a celistvosti a podpo\u0159\u00ed tak Tvou \u017eivotn\u00ed rovnov\u00e1hu.<\/p>\n\n\n\n<p>Vypracov\u00e1n\u00ed a osobn\u00ed v\u00fdklad astrotypu v&nbsp;d\u00e9lce 1 \u2013 2 hodiny<br><em>2&nbsp;700 K\u010d<\/em><\/p>\n\n\n\n<p>Vypracov\u00e1n\u00ed a osobn\u00ed v\u00fdklad korel\u00e1tu (porovn\u00e1n\u00ed vz\u00e1jemn\u00fdch energi\u00ed dvou astrotyp\u016f) v&nbsp;d\u00e9lce 1 hodiny&nbsp;<br><em>1&nbsp;800 K\u010d<\/em><\/p>\n\n\n\n<p>Konzultace v&nbsp;d\u00e9lce 1 hodiny<br><em>1800 K\u010d&nbsp;<\/em><\/p>\n\n\n\n<figure class=\"wp-block-gallery has-nested-images columns-default is-cropped wp-block-gallery-1 is-layout-flex wp-block-gallery-is-layout-flex\"><div class=\"wp-block-image\">\n<figure class=\"aligncenter size-full\"><img loading=\"lazy\" decoding=\"async\" width=\"860\" height=\"574\" data-id=\"3905\" src=\"https:\/\/i0.wp.com\/www.laznezenskeduse.cz\/wp-content\/uploads\/2024\/11\/3SV08112.jpg?resize=860%2C574&#038;ssl=1\" alt=\"\" class=\"wp-image-3905\" srcset=\"https:\/\/i0.wp.com\/www.laznezenskeduse.cz\/wp-content\/uploads\/2024\/11\/3SV08112.jpg?w=1024&amp;ssl=1 1024w, https:\/\/i0.wp.com\/www.laznezenskeduse.cz\/wp-content\/uploads\/2024\/11\/3SV08112.jpg?resize=300%2C200&amp;ssl=1 300w, https:\/\/i0.wp.com\/www.laznezenskeduse.cz\/wp-content\/uploads\/2024\/11\/3SV08112.jpg?resize=768%2C512&amp;ssl=1 768w, https:\/\/i0.wp.com\/www.laznezenskeduse.cz\/wp-content\/uploads\/2024\/11\/3SV08112.jpg?resize=800%2C534&amp;ssl=1 800w, https:\/\/i0.wp.com\/www.laznezenskeduse.cz\/wp-content\/uploads\/2024\/11\/3SV08112.jpg?resize=165%2C110&amp;ssl=1 165w, https:\/\/i0.wp.com\/www.laznezenskeduse.cz\/wp-content\/uploads\/2024\/11\/3SV08112.jpg?resize=330%2C220&amp;ssl=1 330w, https:\/\/i0.wp.com\/www.laznezenskeduse.cz\/wp-content\/uploads\/2024\/11\/3SV08112.jpg?resize=576%2C384&amp;ssl=1 576w\" sizes=\"(max-width: 860px) 100vw, 860px\" data-recalc-dims=\"1\" \/><\/figure><\/div><\/figure>\n\n\n\n<div style=\"height:15px\" aria-hidden=\"true\" class=\"wp-block-spacer\"><\/div>\n\n\n\n<div style=\"height:15px\" aria-hidden=\"true\" class=\"wp-block-spacer\"><\/div>\n\n\n\n<p><\/p>\n","protected":false},"excerpt":{"rendered":"<p>S hlubok\u00fdm respektem k rozmanitosti \u017eivota i jedine\u010dnosti ka\u017ed\u00e9ho \u010dlov\u011bka nab\u00edz\u00edm vypracov\u00e1n\u00ed astrotypu nebo korel\u00e1tu podle starod\u00e1vn\u00e9ho \u010d\u00ednsk\u00e9ho u\u010den\u00ed Ham Yu. <\/p>\n<a class=\"read-more-link\" href=\" https:\/\/www.laznezenskeduse.cz\/index.php\/astrotyp\/ \">Read More<\/a>","protected":false},"author":1,"featured_media":3802,"parent":0,"menu_order":0,"comment_status":"closed","ping_status":"closed","template":"","meta":{"footnotes":""},"yoast_head":"<!-- This site is optimized with the Yoast SEO plugin v23.1 - https:\/\/yoast.com\/wordpress\/plugins\/seo\/ -->\n<title>Astrotypy \/ L\u00e1zn\u011b \u017eensk\u00e9 du\u0161e \/ Ana Tali\u00e1nov\u00e1<\/title>\n<meta name=\"robots\" content=\"index, follow, max-snippet:-1, max-image-preview:large, max-video-preview:-1\" \/>\n<link rel=\"canonical\" href=\"https:\/\/www.laznezenskeduse.cz\/index.php\/astrotyp\/\" \/>\n<meta property=\"og:locale\" content=\"cs_CZ\" \/>\n<meta property=\"og:type\" content=\"article\" \/>\n<meta property=\"og:title\" content=\"Astrotypy \/ L\u00e1zn\u011b \u017eensk\u00e9 du\u0161e \/ Ana Tali\u00e1nov\u00e1\" \/>\n<meta property=\"og:description\" content=\"S hlubok\u00fdm respektem k rozmanitosti \u017eivota i jedine\u010dnosti ka\u017ed\u00e9ho \u010dlov\u011bka nab\u00edz\u00edm vypracov\u00e1n\u00ed astrotypu nebo korel\u00e1tu podle starod\u00e1vn\u00e9ho \u010d\u00ednsk\u00e9ho u\u010den\u00ed Ham Yu.\" \/>\n<meta property=\"og:url\" content=\"https:\/\/www.laznezenskeduse.cz\/index.php\/astrotyp\/\" \/>\n<meta property=\"article:modified_time\" content=\"2024-11-07T21:26:27+00:00\" \/>\n<meta property=\"og:image\" content=\"https:\/\/www.laznezenskeduse.cz\/wp-content\/uploads\/2024\/10\/3SV08086_vyrez_2_retus.jpg\" \/>\n\t<meta property=\"og:image:width\" content=\"756\" \/>\n\t<meta property=\"og:image:height\" content=\"462\" \/>\n\t<meta property=\"og:image:type\" content=\"image\/jpeg\" \/>\n<meta name=\"twitter:card\" content=\"summary_large_image\" \/>\n<meta name=\"twitter:label1\" content=\"Odhadovan\u00e1 doba \u010dten\u00ed\" \/>\n\t<meta name=\"twitter:data1\" content=\"1 minuta\" \/>\n<script type=\"application\/ld+json\" class=\"yoast-schema-graph\">{\"@context\":\"https:\/\/schema.org\",\"@graph\":[{\"@type\":\"WebPage\",\"@id\":\"https:\/\/www.laznezenskeduse.cz\/index.php\/astrotyp\/\",\"url\":\"https:\/\/www.laznezenskeduse.cz\/index.php\/astrotyp\/\",\"name\":\"Astrotypy \/ L\u00e1zn\u011b \u017eensk\u00e9 du\u0161e \/ Ana Tali\u00e1nov\u00e1\",\"isPartOf\":{\"@id\":\"https:\/\/www.laznezenskeduse.cz\/#website\"},\"primaryImageOfPage\":{\"@id\":\"https:\/\/www.laznezenskeduse.cz\/index.php\/astrotyp\/#primaryimage\"},\"image\":{\"@id\":\"https:\/\/www.laznezenskeduse.cz\/index.php\/astrotyp\/#primaryimage\"},\"thumbnailUrl\":\"https:\/\/i0.wp.com\/www.laznezenskeduse.cz\/wp-content\/uploads\/2024\/10\/3SV08086_vyrez_2_retus.jpg?fit=756%2C462&ssl=1\",\"datePublished\":\"2016-09-07T08:25:40+00:00\",\"dateModified\":\"2024-11-07T21:26:27+00:00\",\"breadcrumb\":{\"@id\":\"https:\/\/www.laznezenskeduse.cz\/index.php\/astrotyp\/#breadcrumb\"},\"inLanguage\":\"cs\",\"potentialAction\":[{\"@type\":\"ReadAction\",\"target\":[\"https:\/\/www.laznezenskeduse.cz\/index.php\/astrotyp\/\"]}]},{\"@type\":\"ImageObject\",\"inLanguage\":\"cs\",\"@id\":\"https:\/\/www.laznezenskeduse.cz\/index.php\/astrotyp\/#primaryimage\",\"url\":\"https:\/\/i0.wp.com\/www.laznezenskeduse.cz\/wp-content\/uploads\/2024\/10\/3SV08086_vyrez_2_retus.jpg?fit=756%2C462&ssl=1\",\"contentUrl\":\"https:\/\/i0.wp.com\/www.laznezenskeduse.cz\/wp-content\/uploads\/2024\/10\/3SV08086_vyrez_2_retus.jpg?fit=756%2C462&ssl=1\",\"width\":756,\"height\":462},{\"@type\":\"BreadcrumbList\",\"@id\":\"https:\/\/www.laznezenskeduse.cz\/index.php\/astrotyp\/#breadcrumb\",\"itemListElement\":[{\"@type\":\"ListItem\",\"position\":1,\"name\":\"Dom\u016f\",\"item\":\"https:\/\/www.laznezenskeduse.cz\/\"},{\"@type\":\"ListItem\",\"position\":2,\"name\":\"Astrotypy\"}]},{\"@type\":\"WebSite\",\"@id\":\"https:\/\/www.laznezenskeduse.cz\/#website\",\"url\":\"https:\/\/www.laznezenskeduse.cz\/\",\"name\":\"\",\"description\":\"\",\"publisher\":{\"@id\":\"https:\/\/www.laznezenskeduse.cz\/#\/schema\/person\/c484a943d9dfcae451d6e23045961c91\"},\"potentialAction\":[{\"@type\":\"SearchAction\",\"target\":{\"@type\":\"EntryPoint\",\"urlTemplate\":\"https:\/\/www.laznezenskeduse.cz\/?s={search_term_string}\"},\"query-input\":\"required name=search_term_string\"}],\"inLanguage\":\"cs\"},{\"@type\":[\"Person\",\"Organization\"],\"@id\":\"https:\/\/www.laznezenskeduse.cz\/#\/schema\/person\/c484a943d9dfcae451d6e23045961c91\",\"name\":\"Anna Tali\u00e1nov\u00e1\",\"image\":{\"@type\":\"ImageObject\",\"inLanguage\":\"cs\",\"@id\":\"https:\/\/www.laznezenskeduse.cz\/#\/schema\/person\/image\/\",\"url\":\"https:\/\/i0.wp.com\/www.laznezenskeduse.cz\/wp-content\/uploads\/2021\/04\/Lazne-zenske-duse_logo.png?fit=400%2C150&ssl=1\",\"contentUrl\":\"https:\/\/i0.wp.com\/www.laznezenskeduse.cz\/wp-content\/uploads\/2021\/04\/Lazne-zenske-duse_logo.png?fit=400%2C150&ssl=1\",\"width\":400,\"height\":150,\"caption\":\"Anna Tali\u00e1nov\u00e1\"},\"logo\":{\"@id\":\"https:\/\/www.laznezenskeduse.cz\/#\/schema\/person\/image\/\"},\"sameAs\":[\"http:\/\/laznezenskeduse.cz\"]}]}<\/script>\n<!-- \/ Yoast SEO plugin. -->","yoast_head_json":{"title":"Astrotypy \/ L\u00e1zn\u011b \u017eensk\u00e9 du\u0161e \/ Ana Tali\u00e1nov\u00e1","robots":{"index":"index","follow":"follow","max-snippet":"max-snippet:-1","max-image-preview":"max-image-preview:large","max-video-preview":"max-video-preview:-1"},"canonical":"https:\/\/www.laznezenskeduse.cz\/index.php\/astrotyp\/","og_locale":"cs_CZ","og_type":"article","og_title":"Astrotypy \/ L\u00e1zn\u011b \u017eensk\u00e9 du\u0161e \/ Ana Tali\u00e1nov\u00e1","og_description":"S hlubok\u00fdm respektem k rozmanitosti \u017eivota i jedine\u010dnosti ka\u017ed\u00e9ho \u010dlov\u011bka nab\u00edz\u00edm vypracov\u00e1n\u00ed astrotypu nebo korel\u00e1tu podle starod\u00e1vn\u00e9ho \u010d\u00ednsk\u00e9ho u\u010den\u00ed Ham Yu.","og_url":"https:\/\/www.laznezenskeduse.cz\/index.php\/astrotyp\/","article_modified_time":"2024-11-07T21:26:27+00:00","og_image":[{"width":756,"height":462,"url":"https:\/\/www.laznezenskeduse.cz\/wp-content\/uploads\/2024\/10\/3SV08086_vyrez_2_retus.jpg","type":"image\/jpeg"}],"twitter_card":"summary_large_image","twitter_misc":{"Odhadovan\u00e1 doba \u010dten\u00ed":"1 minuta"},"schema":{"@context":"https:\/\/schema.org","@graph":[{"@type":"WebPage","@id":"https:\/\/www.laznezenskeduse.cz\/index.php\/astrotyp\/","url":"https:\/\/www.laznezenskeduse.cz\/index.php\/astrotyp\/","name":"Astrotypy \/ L\u00e1zn\u011b \u017eensk\u00e9 du\u0161e \/ Ana Tali\u00e1nov\u00e1","isPartOf":{"@id":"https:\/\/www.laznezenskeduse.cz\/#website"},"primaryImageOfPage":{"@id":"https:\/\/www.laznezenskeduse.cz\/index.php\/astrotyp\/#primaryimage"},"image":{"@id":"https:\/\/www.laznezenskeduse.cz\/index.php\/astrotyp\/#primaryimage"},"thumbnailUrl":"https:\/\/i0.wp.com\/www.laznezenskeduse.cz\/wp-content\/uploads\/2024\/10\/3SV08086_vyrez_2_retus.jpg?fit=756%2C462&ssl=1","datePublished":"2016-09-07T08:25:40+00:00","dateModified":"2024-11-07T21:26:27+00:00","breadcrumb":{"@id":"https:\/\/www.laznezenskeduse.cz\/index.php\/astrotyp\/#breadcrumb"},"inLanguage":"cs","potentialAction":[{"@type":"ReadAction","target":["https:\/\/www.laznezenskeduse.cz\/index.php\/astrotyp\/"]}]},{"@type":"ImageObject","inLanguage":"cs","@id":"https:\/\/www.laznezenskeduse.cz\/index.php\/astrotyp\/#primaryimage","url":"https:\/\/i0.wp.com\/www.laznezenskeduse.cz\/wp-content\/uploads\/2024\/10\/3SV08086_vyrez_2_retus.jpg?fit=756%2C462&ssl=1","contentUrl":"https:\/\/i0.wp.com\/www.laznezenskeduse.cz\/wp-content\/uploads\/2024\/10\/3SV08086_vyrez_2_retus.jpg?fit=756%2C462&ssl=1","width":756,"height":462},{"@type":"BreadcrumbList","@id":"https:\/\/www.laznezenskeduse.cz\/index.php\/astrotyp\/#breadcrumb","itemListElement":[{"@type":"ListItem","position":1,"name":"Dom\u016f","item":"https:\/\/www.laznezenskeduse.cz\/"},{"@type":"ListItem","position":2,"name":"Astrotypy"}]},{"@type":"WebSite","@id":"https:\/\/www.laznezenskeduse.cz\/#website","url":"https:\/\/www.laznezenskeduse.cz\/","name":"","description":"","publisher":{"@id":"https:\/\/www.laznezenskeduse.cz\/#\/schema\/person\/c484a943d9dfcae451d6e23045961c91"},"potentialAction":[{"@type":"SearchAction","target":{"@type":"EntryPoint","urlTemplate":"https:\/\/www.laznezenskeduse.cz\/?s={search_term_string}"},"query-input":"required name=search_term_string"}],"inLanguage":"cs"},{"@type":["Person","Organization"],"@id":"https:\/\/www.laznezenskeduse.cz\/#\/schema\/person\/c484a943d9dfcae451d6e23045961c91","name":"Anna Tali\u00e1nov\u00e1","image":{"@type":"ImageObject","inLanguage":"cs","@id":"https:\/\/www.laznezenskeduse.cz\/#\/schema\/person\/image\/","url":"https:\/\/i0.wp.com\/www.laznezenskeduse.cz\/wp-content\/uploads\/2021\/04\/Lazne-zenske-duse_logo.png?fit=400%2C150&ssl=1","contentUrl":"https:\/\/i0.wp.com\/www.laznezenskeduse.cz\/wp-content\/uploads\/2021\/04\/Lazne-zenske-duse_logo.png?fit=400%2C150&ssl=1","width":400,"height":150,"caption":"Anna Tali\u00e1nov\u00e1"},"logo":{"@id":"https:\/\/www.laznezenskeduse.cz\/#\/schema\/person\/image\/"},"sameAs":["http:\/\/laznezenskeduse.cz"]}]}},"jetpack_sharing_enabled":true,"jetpack-related-posts":[],"_links":{"self":[{"href":"https:\/\/www.laznezenskeduse.cz\/index.php\/wp-json\/wp\/v2\/pages\/7"}],"collection":[{"href":"https:\/\/www.laznezenskeduse.cz\/index.php\/wp-json\/wp\/v2\/pages"}],"about":[{"href":"https:\/\/www.laznezenskeduse.cz\/index.php\/wp-json\/wp\/v2\/types\/page"}],"author":[{"embeddable":true,"href":"https:\/\/www.laznezenskeduse.cz\/index.php\/wp-json\/wp\/v2\/users\/1"}],"replies":[{"embeddable":true,"href":"https:\/\/www.laznezenskeduse.cz\/index.php\/wp-json\/wp\/v2\/comments?post=7"}],"version-history":[{"count":25,"href":"https:\/\/www.laznezenskeduse.cz\/index.php\/wp-json\/wp\/v2\/pages\/7\/revisions"}],"predecessor-version":[{"id":3906,"href":"https:\/\/www.laznezenskeduse.cz\/index.php\/wp-json\/wp\/v2\/pages\/7\/revisions\/3906"}],"wp:featuredmedia":[{"embeddable":true,"href":"https:\/\/www.laznezenskeduse.cz\/index.php\/wp-json\/wp\/v2\/media\/3802"}],"wp:attachment":[{"href":"https:\/\/www.laznezenskeduse.cz\/index.php\/wp-json\/wp\/v2\/media?parent=7"}],"curies":[{"name":"wp","href":"https:\/\/api.w.org\/{rel}","templated":true}]}}